he prime factors of 36906251.
829, 44519
List the prime factors of 189332499.
3, 63110833
What are the prime factors of 511504573?
511504573
List the prime factors of 1165398415.
5, 233079683
What are the prime factors of 266420381?
266420381
List the prime factors of 66780035.
5, 7, 59, 73, 443
What are the prime factors of 309908292?
2, 3, 25825691
What are the prime factors of 67263080?
2, 5, 311, 5407
List the prime factors of 345031552.
2, 79, 149, 229
List the prime factors of 704175815.
5, 7, 19, 151273
List the prime factors of 37257421.
17, 139, 15767
What are the prime factors of 454419449?
11, 41310859
What are the prime factors of 46466582?
2, 31, 749461
What are the prime factors of 1348450825?
5, 467, 115499
What are the prime factors of 352314106?
2, 151, 1166603
What are the prime factors of 57640076?
2, 13, 1108463
List the prime factors of 102405356.
2, 59, 397, 1093
List the prime factors of 2010483545.
5, 7, 431, 133277
What are the prime factors of 46236?
2, 3, 3853
What are the prime factors of 2366005020?
2, 3, 5, 19, 29, 59, 1213
List the prime factors of 165174179.
37, 199, 22433
What are the prime factors of 51079650?
2, 3, 5, 503, 677
List the prime factors of 16757912.
2, 107, 19577
List the prime factors of 32499845.
5, 7, 937, 991
What are the prime factors of 484833518?
2, 13, 151, 123493
What are the prime factors of 482677186?
2, 197, 587, 2087
What are the prime factors of 4265168719?
7, 337, 1808041
List the prime factors of 85384750.
2, 5, 11, 61, 509
What are the prime factors of 69876394?
2, 7, 4991171
What are the prime factors of 24396366?
2, 3, 29, 149, 941
List the prime factors of 4382302902.
2, 3, 67, 701, 15551
List the prime factors of 253960429.
317, 801137
List the prime factors of 36043733.
11, 131, 25013
What are the prime factors of 123216095?
5, 3119, 7901
List the prime factors of 734448461.
29, 47, 59, 9133
What are the prime factors of 283864236?
2, 3, 23655353
List the prime factors of 209019171.
3, 19, 3667003
List the prime factors of 44001465.
3, 5, 367, 7993
List the prime factors of 16631957.
2333, 7129
What are the prime factors of 26432054?
2, 11, 53, 22669
What are the prime factors of 29333815?
5, 7, 19, 44111
List the prime factors of 154864590.
2, 3, 5, 449, 11497
List the prime factors of 1509736318.
2, 163, 4631093
List the prime factors of 146498343.
3, 29, 31, 54319
List the prime factors of 1111401261.
3, 123489029
List the prime factors of 2853613744.
2, 17, 617131
What are the prime factors of 19081264?
2, 1192579
List the prime factors of 36696080.
2, 5, 458701
List the prime factors of 2503449835.
5, 17, 23, 1280537
List the prime factors of 721278104.
2, 5861, 15383
List the prime factors of 105058069.
233, 450893
List the prime factors of 3291824135.
5, 658364827
What are the prime factors of 171335582?
2, 11, 7787981
What are the prime factors of 67137078?
2, 3, 73, 153281
What are the prime factors of 836005962?
2, 3, 11, 2803, 4519
What are the prime factors of 5644407707?
47, 1789, 67129
List the prime factors of 3568984423.
719, 2161, 2297
What are the prime factors of 116952620?
2, 5, 71, 82361
List the prime factors of 382561218.
2, 3, 13, 151, 401
List the prime factors of 157163359.
157163359
List the prime factors of 55013319.
3, 29, 131, 1609
What are the prime factors of 260540014?
2, 7, 37, 502973
What are the prime factors of 44862309?
3, 1661567
List the prime factors of 126036655.
5, 43, 257, 2281
List the prime factors of 5963845870.
2, 5, 43, 239, 58031
What are the prime factors of 27329599?
11, 2484509
List the prime factors of 14889833.
7, 1193, 1783
What are the prime factors of 8053965911?
89, 90493999
List the prime factors of 1016550054.
2, 3, 13, 17, 103, 827
What are the prime factors of 19873760?
2, 5, 223, 557
What are the prime factors of 43558551?
3, 29, 157, 1063
List the prime factors of 4769158203.
3, 31, 5697919
What are the prime factors of 16420302?
2, 3, 912239
What are the prime factors of 412383034?
2, 7, 29455931
What are the prime factors of 156494986?
2, 251, 311743
What are the prime factors of 444977292?
2, 3, 59, 628499
What are the prime factors of 117386229?
3, 29, 277, 4871
What are the prime factors of 38880934?
2, 19440467
What are the prime factors of 86433576?
2, 3, 17, 41, 5167
What are the prime factors of 975637082?
2, 7, 29, 2403047
What are the prime factors of 34973405?
5, 43, 47, 3461
List the prime factors of 158475692.
2, 71, 593, 941
List the prime factors of 160423346.
2, 19, 222193
What are the prime factors of 60353684?
2, 163, 92567
What are the prime factors of 436967478?
2, 3, 23, 971, 1087
What are the prime factors of 2380727700?
2, 3, 5, 13, 23, 983
List the prime factors of 287162882.
2, 143581441
List the prime factors of 126329706.
2, 3, 67, 103, 113
What are the prime factors of 213671544?
2, 3, 8902981
List the prime factors of 1236197031.
3, 23, 17915899
List the prime factors of 1967045890.
2, 5, 196704589
List the prime factors of 246011890.
2, 5, 37, 41, 16217
List the prime factors of 208083829.
23, 9047123
What are the prime factors of 222599148?
2, 3, 18549929
List the prime factors of 53354129.
2273, 23473
What are the prime factors of 277412748?
2, 3, 3347, 6907
What are the prime factors of 41231380?
2, 5, 107, 19267
List the prime factors of 461952449.
7, 9427601
What are the prime factors of 2972705167?
2972705167
What are the prime factors of 57280150?
2, 5, 59, 19417
What are the prime factors of 1821750933?
3, 191, 367, 8663
List the prime factors of 4487266565.
5, 73, 12293881
List the prime factors of 681607448.
2, 43, 1981417
What are the prime factors of 2562579229?
7, 19, 29, 251, 2647
What are the prime factors of 96229853?
157, 612929
List the prime factors of 162193961.
6473, 25057
List the prime factors of 120752365.
5, 113, 213721
What are the prime factors of 566725490?
2, 5, 56672549
What are the prime factors of 1394612686?
2, 31, 22493753
List the prime factors of 64063335.
3, 5, 7, 43, 2027
What are the prime factors of 38071692?
2, 3, 47, 22501
What are the prime factors of 162190948?
2, 17, 61, 641
What are the prime factors of 516364339?
43, 12008473
List the prime factors of 738923380.
2, 5, 13, 967, 2939
List the prime factors of 774272.
2, 23, 263
List the prime factors of 202392990.
2, 3, 5, 17, 132283
List the prime factors of 28275988.
2, 13, 543769
List the prime factors of 87518978.
2, 19, 653, 3527
List the prime factors of 2091403607.
2797, 747731
List the prime factors of 363358533.
3, 31, 3907081
What are the prime factors of 4866625908?
2, 3, 45061351
What are the prime factors of 644569?
644569
List the prime factors of 4058396420.
2, 5, 13, 47, 59, 433
What are the prime factors of 45778251?
3, 15259417
What are the prime factors of 54823823?
54823823
What are the prime factors of 1520503260?
2, 3, 5, 25341721
What are the prime factors of 204551729?
204551729
What are the prime factors of 3067017417?
3, 421, 809453
What are the prime factors of 236669188?
2, 7, 83, 101837
What are the prime factors of 60273268?
2, 11, 619, 2213
What are the prime factors of 415097194?
2, 17, 227, 53783
List the prime factors of 201518500.
2, 5, 403037
What are the prime factors of 2027218482?
2, 3, 17, 23, 96013
List the prime factors of 119158134.
2, 3, 17, 653, 1789
List the prime factors of 8114445836.
2, 7, 1741, 166457
List the prime factors of 71513581.
71513581
List the prime factors of 17692848.
2, 3, 122867
What are the prime factors of 338815159?
151, 2243809
What are the prime factors of 46632381?
3, 149, 104323
What are the prime factors of 58112796?
2, 3, 7, 491, 1409
What are the prime factors of 35141513?
11, 3194683
What are the prime factors of 24263561?
7, 3466223
What are the prime factors of 4421855444?
2, 31727, 34843
What are the prime factors of 25633149?
3, 8544383
List the prime factors of 117672742.
2, 11, 17, 28603
What are the prime factors of 31798733?
347, 91639
What are the prime factors of 108599716?
2, 1061, 25589
List the prime factors of 3991413855.
3, 5, 11, 13, 1860799
List the prime factors of 46229905.
5, 47, 127, 1549
What are the prime factors of 101275444?
2, 25318861
List the prime factors of 2835767097.
3, 10502